mon divisor of m and x?
12
Let r be 13*(-1 - 6/(-4)) - (-49)/98. What is the greatest common divisor of r and 1?
1
Let s(t) = 15*t**2 + 20*t + 42. Let p be s(-6). What is the greatest common factor of 3948 and p?
42
Let q = 534 - 174. Let l be 6760/169 - (-9 + 9)*(-3)/6. Calculate the greatest common factor of l and q.
40
Suppose 23253*t = 23236*t + 88230. Calculate the highest common divisor of t and 120.
30
Suppose 76045 + 15256 + 75073 = 54*y. Calculate the greatest common divisor of 39 and y.
39
Let l(q) be the second derivative of -q**4/12 + 4*q**3/3 + 2*q**2 - 2*q. Let y be l(7). Let k = 394 - 273. What is the highest common factor of k and y?
11
Let p(b) = b. Let v be p(12). Suppose i = -4*x + 256, 0 = -5*i - 13*x + 16*x + 1119. What is the greatest common factor of i and v?
12
Let r = 674 + -659. Let a be (2*170/r)/(4/6). What is the greatest common factor of 527 and a?
17
Let s(w) be the first derivative of w**4/2 - 4*w**3/3 - 3*w**2 + 21*w - 44. Let b be s(3). What is the highest common factor of 231 and b?
21
Let p = -59 - -293. Let t(a) = 3*a + 11. Let c be t(5). What is the highest common divisor of c and p?
26
Let m(w) = 2*w**2 - 57*w + 572. Let g be m(11). What is the highest common divisor of 731 and g?
17
Suppose -4*b = 4*s - 7144, 5*b - 378 = 5*s + 8572. Calculate the greatest common factor of 1937 and b.
149
Let f(a) = -a**3 + 9*a**2 - 2*a - 12. Let o be f(7). Let l be 6/((28/(-120))/(-7)). Calculate the greatest common divisor of o and l.
36
Let q be (((-20)/3)/2)/((-8)/12). Suppose -4*t - 432 = -q*n, -n + 58 = -5*t - 41. Suppose 0*a = -4*a + n. Calculate the highest common divisor of 14 and a.
7
Suppose -5*h - 4*v = 6, -2*h + 6*v + 16 = 3*v. Let q be 7/h*(-5964)/(-147). What is the highest common factor of 355 and q?
71
Let d be 1*1/(-1)*(-35 - -30). Let y be ((-18)/d)/(36/(-630)). What is the highest common factor of y and 35?
7
Suppose -m + 5*c + 10491 + 7489 = 0, 12 = 2*c. What is the highest common divisor of m and 10?
10
Suppose 0 = -4*p + 35 - 3. Let v(j) = -9*j - 4. Let s be v(-1). Suppose -r + s = -i - 4, 5*r = -3*i + 37. Calculate the greatest common divisor of r and p.
8
Let g(o) = -o**3 + 6*o**2 - 5*o + 4. Let a be g(5). Suppose 10*l - 15*l - 7 = -3*m, -m + 6 = 2*l. Calculate the greatest common factor of a and m.
4
Let j(w) = 12*w - 19. Let n(d) = 9*d - 18. Let h(s) = 4*j(s) - 5*n(s). Let x = -7 + 3. Let r be h(x). Calculate the greatest common factor of r and 4.
2
Let d be (1 - -38)/(2 - -1). Let c(s) = 8*s + 10. Let q be c(5). Let k = q - -67. What is the highest common divisor of d and k?
13
Let x be (22/8 - 2)*4. Let m be 12/7 - 2 - (-74)/14. Suppose -x*f - 12 = -m*f. Calculate the highest common factor of f and 6.
6
Let h = 7 + -10. Let u be (0 + -5)/((-1)/(9/h)). Let p be 3/(u/(-10)) + 30/2. Calculate the highest common factor of p and 17.
17
Suppose -4*q - 2*b = 3*b + 30, q + 4*b + 2 = 0. Let j = q - -70. What is the greatest common divisor of j and 15?
15
Suppose 4*i - 5*a = -0 + 3, 0 = -2*i + 2*a + 4. Suppose -480 = 2*f - i*f. Let k be (40/(-3))/4*-3 - -2. What is the highest common divisor of k and f?
12
Let t(k) = 8*k**2 + 2*k - 164. Let d be t(-10). Let v be (7854/d)/(2/16 - 0). What is the highest common divisor of 187 and v?
17
Let k be 2/(-4)*(6 + -110). Let n(a) = -a**3 - 9*a**2 - 21*a - 36. Let s be n(-14). Suppose s*i - 156 = 1237*i. What is the greatest common divisor of k and i?
52
Let a(o) be the second derivative of -o**4/12 + o**3 - o**2 - 15*o. Let q be a(5). Suppose 0 = q*p - 82 - 134. What is the highest common factor of p and 8?
8
Suppose -5*s - 23*v + 24*v = -2027, -3*s - 3*v = -1209. Suppose -4*x + 95 + 85 = 0. Calculate the highest common divisor of x and s.
45
Let z be 56/32*-2*(-10 + 4). Suppose 2*n - 30 = 3*f, -z*f + 24*f - 75 = -5*n. What is the greatest common factor of 63 and n?
3
Let i(s) = 5*s**2 + 35 - 98*s + 64*s - 4*s**2. Let v be i(33). What is the highest common divisor of v and 26?
2
Let w = 273 - 131. Suppose -122 = r - w. What is the greatest common divisor of r and 200?
20
Suppose 12421 + 15455 = 92*z. Calculate the highest common divisor of 12 and z.
3
Let u(b) = 660*b**2 - 149*b + 512. Let m be u(4). Calculate the greatest common factor of 485 and m.
97
Suppose 2*d - 22 = -3*g + 175, -5*d + 330 = 5*g. Calculate the greatest common factor of 1095 and g.
5
Suppose -f + 199 = 3*m - 23, 1127 = 5*f - 2*m. Let b be 140 - (30/(-8))/(13 - (-1540)/(-112)). What is the greatest common factor of b and f?
45
Suppose -a = -4*a - 2*h + 396, a + 3*h = 139. Suppose -264 = -4*w - 2*d + 10, 3*w + 3*d - 216 = 0. What is the highest common factor of w and a?
65
Suppose 2*b - 62 + 326 = 0. Let o be (-33)/(-44) - b/16. Let v = 14 + 22. What is the highest common factor of o and v?
9
Suppose 3*w = -4*x + 76, 5*w - 104 = -x + 17. Suppose 14*l = -10*l - 72. Let p be l/6 + (-6930)/(-36). What is the highest common factor of w and p?
24
Let t be (5050/175)/((-2)/(-14)). Let u = t - 196. What is the greatest common factor of u and 66?
6
Let z be 10*15/(-6)*-1. Suppose z*g - 24*g = 64. Let p = -44 + g. What is the greatest common factor of p and 200?
20
Suppose 0 = -12*u - 6*u - 540. Let d be u/(4/(-15)*(-27)/(-48)). Calculate the highest common factor of 80 and d.
40
Let z(d) = 1968*d - 751. Let w be z(2). Calculate the greatest common divisor of 130 and w.
65
Let w(z) be the first derivative of 2*z**3/3 + 9*z**2 + 28*z + 96. Let i be w(-8). Calculate the highest common factor of i and 132.
12
Let w(c) = -182*c - 325. Let x be w(-2). What is the highest common divisor of x and 533?
13
Suppose -2*t = -6864 + 2472. What is the highest common divisor of 27 and t?
9
Suppose 549*u - 543*u - 324 = 0. Calculate the highest common factor of u and 810.
54
Let o = -10246 - -10286. Calculate the highest common divisor of o and 7160.
40
Let r be (-393)/(-8) - (-8)/(-64). Let i be 1 - (-20 + 3/(-1)). Let x = r - i. Calculate the highest common factor of x and 5.
5
Let q be (-1 + -6 - (-6424)/968)*-44. Calculate the greatest common divisor of q and 194.
2
Let y be (-73 + (2 - 3))*(-54)/(8 + 1). What is the greatest common divisor of y and 4588?
148
Suppose -13498 = -p + 3*f, -3*p + 36275 = 4*f - 4245. What is the highest common factor of 32 and p?
32
Let t be (15 - (3 + 18))*(-21)/2. Suppose -14*x + 35*x = t. Calculate the highest common factor of x and 315.
3
Let j = 5978 - 5682. Calculate the highest common factor of 481 and j.
37
Suppose 47004 = 5*o - 3*q + 11473, -2*o + 14230 = q. What is the highest common factor of 13 and o?
13
Let y = 467 + -983. Let b = 521 + y. Calculate the highest common divisor of 35 and b.
5
Suppose 12*v = v + 22. Suppose v*n - 266 = 4*j, -316 = -5*n + 2*j + 317. What is the greatest common factor of 5 and n?
5
Suppose 116 = 5*v + 2*s, -4*v - 4*s + s + 90 = 0. Suppose -4*r + v = -3*x, 0 = 13*r - 12*r - 2*x - 1. Calculate the greatest common factor of r and 144.
9
Suppose -5*c = -3*c - 26. Suppose 5*r + 2*m = 2*r + 850, 2*r - 564 = -2*m. Suppose r = 21*q - 19*q. What is the greatest common divisor of c and q?
13
Suppose 67*j - 73*j + 438 = 0. Suppose -60*q = -j*q + 325. What is the highest common factor of q and 225?
25
Let q = 115 + -67. Let g = -22436 - -22568. What is the greatest common factor of g and q?
12
Let r be (-222)/(-185)*(-20)/(-4). What is the highest common factor of 1944 and r?
6
Let r(x) = x**3 - 30*x**2 - 27*x - 126. Let f be r(31). Let c be (4/5)/((-553)/280 - f). Calculate the greatest common factor of c and 24.
8
Let w be 45 + -16 + 430/5. Let k be -1*69*(-2)/6. Calculate the highest common divisor of k and w.
23
Let l = 12752 - 7295. What is the greatest common factor of l and 51?
51
Let u = 7710 + -7692. What is the highest common divisor of 4734 and u?
18
Let i(s) = s**3 + 16*s**2 + 11*s - 16. Let b be i(-15). Let f be 2 + (13 - (6 - 3))/(-1). Let v = f + 41. Calculate the highest common factor of b and v.
11
Suppose -34306 - 7291 = -19*s + 17949. What is the greatest common divisor of 2 and s?
2
Let h be 5*1 + (-30)/(-21) + (-15)/35. Calculate the highest common factor of 2 and h.
2
Let j = 32996 - 32951. Calculate the highest common divisor of 160 and j.
5
Let n = 32930 - 32762. Calculate the highest common divisor of 1624 and n.
56
Let d = 499